-1556b4 (base 13) to base 14.
-d9acc
1216515 (base 8) to base 13
b9742
391cce (base 15) to base 12
b017ab
44130a4 (base 11) to base 14
105a0a0
350300 (base 9) to base 8
632423
Convert 66067 (base 11) to base 9.
155501
Convert -2200222001 (base 3) to base 11.
-36a66
10000001010000011110 (base 2) to base 12
21647a
Convert -100100101111101011100 (base 2) to base 9.
-2234584
What is -524353 (base 7) in base 8?
-260432
-bd706d (base 15) to base 14
-12b28b8
What is 331554013 (base 6) in base 8?
26617131
16350542 (base 7) to base 12
649462
What is -174549 (base 12) in base 13?
-110a9c
Convert -249376 (base 10) to base 13.
-8967a
What is -21031212103 (base 4) in base 14?
-46c159
-117984 (base 11) to base 6
-3553554
Convert 1333cd (base 15) to base 14.
1a0147
What is 1100100010010011111010 (base 2) in base 4?
30202103322
-100001011111000110 (base 2) to base 15
-2a98d
What is -20123233000 (base 4) in base 15?
-2da087
Convert -455832 (base 14) to base 7.
-26022462
-30311023 (base 4) to base 3
-2200002111
1100100001111100100 (base 2) to base 11
26053a
Convert 100011011100110110 (base 2) to base 4.
203130312
204189 (base 10) to base 6
4213153
Convert 534472 (base 13) to base 5.
444423310
Convert -331122101021 (base 4) to base 16.
-f5a449
What is -3450535 (base 6) in base 5?
-21142010
Convert 1201313202 (base 4) to base 9.
670786
Convert -123146 (base 7) to base 15.
-6aeb
What is -49657 (base 13) in base 12?
-66227
What is -b47a (base 15) in base 2?
-1001010011111100
Convert -114130402 (base 5) to base 2.
-10000010111100100000
12513305 (base 7) to base 16
117e5a
What is -753723 (base 8) in base 16?
-3d7d3
Convert -522521 (base 6) to base 16.
-a471
Convert 34339 (base 10) to base 8.
103043
What is 12143333243 (base 5) in base 2?
110111000011110100100101
What is 3332290 (base 12) in base 16?
95160c
-1230313003 (base 4) to base 5
-103232031
What is -100233300 (base 4) in base 13?
-252b4
What is 3b74c (base 14) in base 8?
436670
Convert -521860 (base 10) to base 12.
-212004
-6053276 (base 10) to base 7
-102311015
53d9c9 (base 14) to base 6
140525153
What is -2378845 (base 9) in base 6?
-43411405
Convert 125064 (base 10) to base 3.
20100120000
What is 503323 (base 9) in base 15?
5d316
Convert 13211303 (base 5) to base 10.
132078
What is 4030313 (base 7) in base 8?
1645404
707390 (base 15) to base 9
11038160
20132200 (base 5) to base 6
3243530
What is 100001011001010100101010 (base 2) in base 6?
511345550
-101126 (base 10) to base 2
-11000101100000110
Convert 123111013133 (base 4) to base 2.
11011010101000111011111
What is 4323354 (base 6) in base 16?
34156
What is -101010100000101101 (base 2) in base 9?
-284762
Convert -32010434 (base 5) to base 7.
-2156405
323812 (base 11) to base 13
151679
What is -102486 (base 10) in base 2?
-11001000001010110
What is -12022411 (base 9) in base 10?
-5860765
What is 419759 (base 16) in base 12?
1533735
Convert -3202512 (base 9) to base 11.
-a70a80
-101011111011111101110 (base 2) to base 7
-15144311
Convert 169803 (base 10) to base 8.
513513
Convert 30353 (base 13) to base 12.
41b02
Convert 342152033 (base 6) to base 13.
13b5472
What is -42917 (base 12) in base 11?
-5a9a1
-13031403 (base 5) to base 2
-11111000001111111
Convert -4959b3 (base 12) to base 2.
-100100011000001010111
Convert 442433311 (base 5) to base 13.
523546
What is -102041424 (base 5) in base 11?
-270023
Convert 203312133 (base 4) to base 2.
100011110110011111
Convert -c3938 (base 15) to base 13.
-1890b6
Convert -5a34b8 (base 12) to base 14.
-29d1b6
What is d6b9b (base 14) in base 9?
868708
What is -321031131 (base 4) in base 5?
-24444313
-53ab6 (base 12) to base 11
-75a82
Convert -2839323 (base 10) to base 7.
-33063624
-641730 (base 8) to base 10
-213976
Convert 201011000110121 (base 3) to base 11.
582079a
-349c1 (base 13) to base 7
-550214
-21212120201 (base 3) to base 15
-30db7
Convert 2113314031 (base 5) to base 9.
8305078
What is 7a71db (base 14) in base 3?
21211210010211
What is e60e0a (base 16) in base 11?
856852a
-1101102120200 (base 3) to base 6
-23442413
What is 544d24 (base 14) in base 9?
5333141
What is -652b6 (base 15) in base 14?
-85102
Convert -10101010100000110110 (base 2) to base 10.
-698422
-19a7b (base 13) to base 14
-143a6
Convert -163235 (base 9) to base 7.
-566603
What is -122344515 (base 7) in base 12?
-26b9173
What is -25aa9c (base 16) in base 6?
-124524140
Convert 33aaa (base 12) to base 13.
2550a
Convert -22660020 (base 7) to base 13.
-54c351
Convert 1781c (base 14) to base 4.
32131102
Convert 1a1373a (base 12) to base 2.
10100111111000101011110
What is 3bbd93 (base 16) in base 5?
2000241110
Convert -6422532 (base 7) to base 16.
-be27e
Convert ac9c42 (base 14) to base 13.
12a520a
Convert 178162 (base 10) to base 8.
533762
-2022112210 (base 3) to base 15
-d79c
-4142420 (base 6) to base 5
-22401142
Convert 5414227 (base 9) to base 10.
2903065
2b6bc (base 13) to base 7
462255
What is 106441330 (base 7) in base 3?
110022200012221
Convert -6410654 (base 7) to base 14.
-162a64
Convert -134627 (base 8) to base 5.
-3010021
What is 11426467 (base 9) in base 2?
10101001111011111100111
-3336503 (base 7) to base 5
-101203002
What is -3658639 (base 10) in base 9?
-6785634
What is 4d165 (base 14) in base 9?
318100
Convert -1223030210 (base 4) to base 5.
-103022301
-1001011111110100000 (base 2) to base 8
-1137640
What is -3096120 (base 10) in base 14?
-5a8476
Convert -326355 (base 8) to base 16.
-1aced
-853736 (base 12) to base 7
-23566053
Convert 11424210 (base 6) to base 13.
c855c
Convert 1000010010110111 (base 2) to base 10.
33975
Convert a114188 (base 11) to base 9.
36606761
21102210022020 (base 3) to base 10
3952131
-11002121200122 (base 3) to base 13
-5b3055
What is 11011211000 (base 3) in base 10?
82242
Convert 19653 (base 16) to base 4.
121121103
-130320024 (base 6) to base 10
-2545360
What is -839840 (base 10) in base 7?
-10065341
-2546641 (base 7) to base 11
-206a19
Convert -5b826 (base 13) to base 10.
-168356
2011010110001 (base 3) to base 7
12503434
Convert c23a1c (base 14) to base 10.
6540938
What is 99aa6 (base 15) in base 12?
1b6786
-33b49 (base 12) to base 7
-405156
What is -1312211333 (base 5) in base 8?
-14272774
Convert 214785a (base 11) to base 10.
3773087
What is 1582b44 (base 15) in base 16?
ee107d
-4424022 (base 5) to base 11
-52744
What is -233011010 (base 4) in base 14?
-503c0
Convert 1206716 (base 8) to base 15.
6820e
-1341770 (base 8) to base 9
-635271
726524 (base 11) to base 12
482408
What is -454554 (base 10) in base 9?
-762470
What is -322200212210 (base 4) in base 16?
-ea09a4
Convert 2563000 (base 8) to base 15.
e1960
What is -15a493 (base 12) in base 6?
-11535103
c4788 (base 13) to base 10
352815
What is 176c3 (base 14) in base 16?
e65b
11012012211 (base 3) to base 8
241146
30521315 (base 7) to base 10
2559968
What is 69646a (base 11) in base 5?
240402441
109991 (base 12) to base 3
111111121001
What is 55922 (base 12) in base 2?
11011101111101010
What is -1110013121 (base 4) in base 16?
-541d9
202220000021 (base 3) to base 8
1443033
-1100223301 (base 4) to base 10
-330481
-1100010110011111001 (base 2) to base 5
-100422404
-25135003 (base 6) to base 4
-3010300023
Convert 4503002 (base 8) to base 2.
100101000011000000010
Convert -1410544 (base 6) to base 3.
-11000201201
535654 (base 7) to base 2
10110110001100110
Convert 116479 (base 10) to base 7.
663406
What is -2420132414 (base 5) in base 13?
-1221997
Convert 1111000111001101 (base 2) to base 3.
10010220122
431623 (base 10) to base 12
189947
Convert -20130001 (base 5) to base 10.
-161251
What is -21514104 (base 6) in base 2?
-10011110000110111000
What is 13bcdd (base 14) in base 12?
290a63
What is 656c4c (base 15) in base 2?
10010011011110010001101
11212110 (base 4) to base 14
8500
Convert -2623595 (base 12) to base 5.
-3410344244
-4d7cdd (base 16) to base 11
-295939a
3465a1 (base 14) to base 9
3320153
Convert -12906b (base 12) to base 4.
-1022230103
What is -79434 (base 11) in base 5?
-12134422
234665 (base 11) to base 14
9989c
3334315 (base 7) to base 12
17a59a
What is 267163 (base 9) in base 6?
3253133
Convert -62152 (base 10) to base 14.
-18916
Convert 16220342 (base 8) to base 12.
1306796
27974a (base 12) to base 11
410496
-210330 (base 8) to base 5
-4213343